{"id":707,"date":"2025-11-18T18:39:36","date_gmt":"2025-11-18T23:39:36","guid":{"rendered":"https:\/\/ecoanimo.ca\/?post_type=product&#038;p=707"},"modified":"2026-01-09T18:11:20","modified_gmt":"2026-01-09T23:11:20","slug":"phoque","status":"publish","type":"product","link":"https:\/\/ecoanimo.ca\/?product=phoque","title":{"rendered":"Porte-cl\u00e9 phoque"},"content":{"rendered":"<p>Porte-cl\u00e9 phoque fait \u00e0 partir de cuir et fourrure recycl\u00e9s.<\/p>\n<p>Dimensions: 5&Prime;<\/p>\n","protected":false},"excerpt":{"rendered":"<p>Porte-cl\u00e9 phoque fait \u00e0 partir de cuir et fourrure recycl\u00e9s. Dimensions: 5&Prime;<\/p>\n","protected":false},"featured_media":710,"template":"","meta":{"_eb_attr":""},"product_brand":[],"product_cat":[17],"product_tag":[],"class_list":{"0":"post-707","1":"product","2":"type-product","3":"status-publish","4":"has-post-thumbnail","6":"product_cat-nos-produits","8":"first","9":"instock","10":"shipping-taxable","11":"purchasable","12":"product-type-simple"},"yoast_head":"<!-- This site is optimized with the Yoast SEO plugin v27.4 - https:\/\/yoast.com\/product\/yoast-seo-wordpress\/ -->\n<title>Porte-cl\u00e9 phoque - ecoanimo<\/title>\n<meta name=\"robots\" content=\"index, follow, max-snippet:-1, max-image-preview:large, max-video-preview:-1\" \/>\n<link rel=\"canonical\" href=\"https:\/\/ecoanimo.ca\/?product=phoque\" \/>\n<meta property=\"og:locale\" content=\"fr_CA\" \/>\n<meta property=\"og:type\" content=\"article\" \/>\n<meta property=\"og:title\" content=\"Porte-cl\u00e9 phoque - ecoanimo\" \/>\n<meta property=\"og:description\" content=\"Porte-cl\u00e9 phoque fait \u00e0 partir de cuir et fourrure recycl\u00e9s. Dimensions: 5&Prime;\" \/>\n<meta property=\"og:url\" content=\"https:\/\/ecoanimo.ca\/?product=phoque\" \/>\n<meta property=\"og:site_name\" content=\"ecoanimo\" \/>\n<meta property=\"article:publisher\" content=\"https:\/\/www.facebook.com\/ECOAnimo\" \/>\n<meta property=\"article:modified_time\" content=\"2026-01-09T23:11:20+00:00\" \/>\n<meta property=\"og:image\" content=\"https:\/\/ecoanimo.ca\/wp-content\/uploads\/2025\/11\/phoque-1024x768.png\" \/>\n\t<meta property=\"og:image:width\" content=\"1024\" \/>\n\t<meta property=\"og:image:height\" content=\"768\" \/>\n\t<meta property=\"og:image:type\" content=\"image\/png\" \/>\n<meta name=\"twitter:card\" content=\"summary_large_image\" \/>\n<meta name=\"twitter:label1\" content=\"Estimation du temps de lecture\" \/>\n\t<meta name=\"twitter:data1\" content=\"1 minute\" \/>\n<script type=\"application\/ld+json\" class=\"yoast-schema-graph\">{\"@context\":\"https:\\\/\\\/schema.org\",\"@graph\":[{\"@type\":\"WebPage\",\"@id\":\"https:\\\/\\\/ecoanimo.ca\\\/?product=phoque\",\"url\":\"https:\\\/\\\/ecoanimo.ca\\\/?product=phoque\",\"name\":\"Porte-cl\u00e9 phoque - ecoanimo\",\"isPartOf\":{\"@id\":\"https:\\\/\\\/ecoanimo.ca\\\/#website\"},\"primaryImageOfPage\":{\"@id\":\"https:\\\/\\\/ecoanimo.ca\\\/?product=phoque#primaryimage\"},\"image\":{\"@id\":\"https:\\\/\\\/ecoanimo.ca\\\/?product=phoque#primaryimage\"},\"thumbnailUrl\":\"https:\\\/\\\/ecoanimo.ca\\\/wp-content\\\/uploads\\\/2025\\\/11\\\/phoque.png\",\"datePublished\":\"2025-11-18T23:39:36+00:00\",\"dateModified\":\"2026-01-09T23:11:20+00:00\",\"breadcrumb\":{\"@id\":\"https:\\\/\\\/ecoanimo.ca\\\/?product=phoque#breadcrumb\"},\"inLanguage\":\"fr-CA\",\"potentialAction\":[{\"@type\":\"ReadAction\",\"target\":[\"https:\\\/\\\/ecoanimo.ca\\\/?product=phoque\"]}]},{\"@type\":\"ImageObject\",\"inLanguage\":\"fr-CA\",\"@id\":\"https:\\\/\\\/ecoanimo.ca\\\/?product=phoque#primaryimage\",\"url\":\"https:\\\/\\\/ecoanimo.ca\\\/wp-content\\\/uploads\\\/2025\\\/11\\\/phoque.png\",\"contentUrl\":\"https:\\\/\\\/ecoanimo.ca\\\/wp-content\\\/uploads\\\/2025\\\/11\\\/phoque.png\",\"width\":1711,\"height\":1283},{\"@type\":\"BreadcrumbList\",\"@id\":\"https:\\\/\\\/ecoanimo.ca\\\/?product=phoque#breadcrumb\",\"itemListElement\":[{\"@type\":\"ListItem\",\"position\":1,\"name\":\"Accueil\",\"item\":\"https:\\\/\\\/ecoanimo.ca\\\/\"},{\"@type\":\"ListItem\",\"position\":2,\"name\":\"Produits\",\"item\":\"https:\\\/\\\/ecoanimo.ca\\\/?post_type=product\"},{\"@type\":\"ListItem\",\"position\":3,\"name\":\"Porte-cl\u00e9 phoque\"}]},{\"@type\":\"WebSite\",\"@id\":\"https:\\\/\\\/ecoanimo.ca\\\/#website\",\"url\":\"https:\\\/\\\/ecoanimo.ca\\\/\",\"name\":\"ECOanimo\",\"description\":\"Produits et cr\u00e9ations en fourrure naturelle recycl\u00e9e et service de transformation\",\"publisher\":{\"@id\":\"https:\\\/\\\/ecoanimo.ca\\\/#organization\"},\"alternateName\":\"ecoanimo\",\"potentialAction\":[{\"@type\":\"SearchAction\",\"target\":{\"@type\":\"EntryPoint\",\"urlTemplate\":\"https:\\\/\\\/ecoanimo.ca\\\/?s={search_term_string}\"},\"query-input\":{\"@type\":\"PropertyValueSpecification\",\"valueRequired\":true,\"valueName\":\"search_term_string\"}}],\"inLanguage\":\"fr-CA\"},{\"@type\":\"Organization\",\"@id\":\"https:\\\/\\\/ecoanimo.ca\\\/#organization\",\"name\":\"ecoanimo\",\"url\":\"https:\\\/\\\/ecoanimo.ca\\\/\",\"logo\":{\"@type\":\"ImageObject\",\"inLanguage\":\"fr-CA\",\"@id\":\"https:\\\/\\\/ecoanimo.ca\\\/#\\\/schema\\\/logo\\\/image\\\/\",\"url\":\"https:\\\/\\\/ecoanimo.ca\\\/wp\\\/wp-content\\\/uploads\\\/2025\\\/08\\\/thumbnail.jpg\",\"contentUrl\":\"https:\\\/\\\/ecoanimo.ca\\\/wp\\\/wp-content\\\/uploads\\\/2025\\\/08\\\/thumbnail.jpg\",\"width\":520,\"height\":520,\"caption\":\"ecoanimo\"},\"image\":{\"@id\":\"https:\\\/\\\/ecoanimo.ca\\\/#\\\/schema\\\/logo\\\/image\\\/\"},\"sameAs\":[\"https:\\\/\\\/www.facebook.com\\\/ECOAnimo\",\"https:\\\/\\\/www.instagram.com\\\/ecoanimo78\"]}]}<\/script>\n<!-- \/ Yoast SEO plugin. -->","yoast_head_json":{"title":"Porte-cl\u00e9 phoque - ecoanimo","robots":{"index":"index","follow":"follow","max-snippet":"max-snippet:-1","max-image-preview":"max-image-preview:large","max-video-preview":"max-video-preview:-1"},"canonical":"https:\/\/ecoanimo.ca\/?product=phoque","og_locale":"fr_CA","og_type":"article","og_title":"Porte-cl\u00e9 phoque - ecoanimo","og_description":"Porte-cl\u00e9 phoque fait \u00e0 partir de cuir et fourrure recycl\u00e9s. Dimensions: 5&Prime;","og_url":"https:\/\/ecoanimo.ca\/?product=phoque","og_site_name":"ecoanimo","article_publisher":"https:\/\/www.facebook.com\/ECOAnimo","article_modified_time":"2026-01-09T23:11:20+00:00","og_image":[{"width":1024,"height":768,"url":"https:\/\/ecoanimo.ca\/wp-content\/uploads\/2025\/11\/phoque-1024x768.png","type":"image\/png"}],"twitter_card":"summary_large_image","twitter_misc":{"Estimation du temps de lecture":"1 minute"},"schema":{"@context":"https:\/\/schema.org","@graph":[{"@type":"WebPage","@id":"https:\/\/ecoanimo.ca\/?product=phoque","url":"https:\/\/ecoanimo.ca\/?product=phoque","name":"Porte-cl\u00e9 phoque - ecoanimo","isPartOf":{"@id":"https:\/\/ecoanimo.ca\/#website"},"primaryImageOfPage":{"@id":"https:\/\/ecoanimo.ca\/?product=phoque#primaryimage"},"image":{"@id":"https:\/\/ecoanimo.ca\/?product=phoque#primaryimage"},"thumbnailUrl":"https:\/\/ecoanimo.ca\/wp-content\/uploads\/2025\/11\/phoque.png","datePublished":"2025-11-18T23:39:36+00:00","dateModified":"2026-01-09T23:11:20+00:00","breadcrumb":{"@id":"https:\/\/ecoanimo.ca\/?product=phoque#breadcrumb"},"inLanguage":"fr-CA","potentialAction":[{"@type":"ReadAction","target":["https:\/\/ecoanimo.ca\/?product=phoque"]}]},{"@type":"ImageObject","inLanguage":"fr-CA","@id":"https:\/\/ecoanimo.ca\/?product=phoque#primaryimage","url":"https:\/\/ecoanimo.ca\/wp-content\/uploads\/2025\/11\/phoque.png","contentUrl":"https:\/\/ecoanimo.ca\/wp-content\/uploads\/2025\/11\/phoque.png","width":1711,"height":1283},{"@type":"BreadcrumbList","@id":"https:\/\/ecoanimo.ca\/?product=phoque#breadcrumb","itemListElement":[{"@type":"ListItem","position":1,"name":"Accueil","item":"https:\/\/ecoanimo.ca\/"},{"@type":"ListItem","position":2,"name":"Produits","item":"https:\/\/ecoanimo.ca\/?post_type=product"},{"@type":"ListItem","position":3,"name":"Porte-cl\u00e9 phoque"}]},{"@type":"WebSite","@id":"https:\/\/ecoanimo.ca\/#website","url":"https:\/\/ecoanimo.ca\/","name":"ECOanimo","description":"Produits et cr\u00e9ations en fourrure naturelle recycl\u00e9e et service de transformation","publisher":{"@id":"https:\/\/ecoanimo.ca\/#organization"},"alternateName":"ecoanimo","potentialAction":[{"@type":"SearchAction","target":{"@type":"EntryPoint","urlTemplate":"https:\/\/ecoanimo.ca\/?s={search_term_string}"},"query-input":{"@type":"PropertyValueSpecification","valueRequired":true,"valueName":"search_term_string"}}],"inLanguage":"fr-CA"},{"@type":"Organization","@id":"https:\/\/ecoanimo.ca\/#organization","name":"ecoanimo","url":"https:\/\/ecoanimo.ca\/","logo":{"@type":"ImageObject","inLanguage":"fr-CA","@id":"https:\/\/ecoanimo.ca\/#\/schema\/logo\/image\/","url":"https:\/\/ecoanimo.ca\/wp\/wp-content\/uploads\/2025\/08\/thumbnail.jpg","contentUrl":"https:\/\/ecoanimo.ca\/wp\/wp-content\/uploads\/2025\/08\/thumbnail.jpg","width":520,"height":520,"caption":"ecoanimo"},"image":{"@id":"https:\/\/ecoanimo.ca\/#\/schema\/logo\/image\/"},"sameAs":["https:\/\/www.facebook.com\/ECOAnimo","https:\/\/www.instagram.com\/ecoanimo78"]}]}},"_links":{"self":[{"href":"https:\/\/ecoanimo.ca\/index.php?rest_route=\/wp\/v2\/product\/707","targetHints":{"allow":["GET"]}}],"collection":[{"href":"https:\/\/ecoanimo.ca\/index.php?rest_route=\/wp\/v2\/product"}],"about":[{"href":"https:\/\/ecoanimo.ca\/index.php?rest_route=\/wp\/v2\/types\/product"}],"version-history":[{"count":4,"href":"https:\/\/ecoanimo.ca\/index.php?rest_route=\/wp\/v2\/product\/707\/revisions"}],"predecessor-version":[{"id":716,"href":"https:\/\/ecoanimo.ca\/index.php?rest_route=\/wp\/v2\/product\/707\/revisions\/716"}],"wp:featuredmedia":[{"embeddable":true,"href":"https:\/\/ecoanimo.ca\/index.php?rest_route=\/wp\/v2\/media\/710"}],"wp:attachment":[{"href":"https:\/\/ecoanimo.ca\/index.php?rest_route=%2Fwp%2Fv2%2Fmedia&parent=707"}],"wp:term":[{"taxonomy":"product_brand","embeddable":true,"href":"https:\/\/ecoanimo.ca\/index.php?rest_route=%2Fwp%2Fv2%2Fproduct_brand&post=707"},{"taxonomy":"product_cat","embeddable":true,"href":"https:\/\/ecoanimo.ca\/index.php?rest_route=%2Fwp%2Fv2%2Fproduct_cat&post=707"},{"taxonomy":"product_tag","embeddable":true,"href":"https:\/\/ecoanimo.ca\/index.php?rest_route=%2Fwp%2Fv2%2Fproduct_tag&post=707"}],"curies":[{"name":"wp","href":"https:\/\/api.w.org\/{rel}","templated":true}]}}